What is the units digit of m?
6
Suppose 0*b + 5*b = -10, -5*b - 55 = -5*l. Suppose -2*h = 6*m - l*m + 143, -2*h = -10. What is the units digit of m?
1
Suppose 4*m + 20 = l, m = 4*l - m - 24. Suppose -2*b + l*b = 48. What is the tens digit of b?
2
Let m(v) = -3*v**3 + 13*v**2 - 12*v + 14. Let g be m(9). Suppose -2*k - 56 = -6*k. What is the tens digit of k/77 - g/22?
5
Let z(t) = -t - 5. Suppose 0*q = -4*q + 8, -2*q + 24 = -2*k. Let v be z(k). Suppose v*d = d + 48. What is the units digit of d?
2
Let d(n) = -n**2 + 32*n - 133. Let t be d(5). Suppose 0 = -8*y + 4*y + 120. Let f = t + y. What is the tens digit of f?
3
Let h(b) = -5*b**3 - 3*b**2 - 7*b + 2. What is the units digit of h(-4)?
2
Let f(g) = g**3 + 7*g**2 - 5*g + 8. Let r be f(-8). Let i = -13 - r. Suppose d + i = 6, -l + 4 = -5*d. What is the units digit of l?
9
Let w = -34 - -25. What is the units digit of 1585/45 - (-2)/w?
5
Let j(y) = y**2 - 5*y - 24. Suppose 2 = -3*o - 4*w + 26, -39 = -2*o + 5*w. What is the tens digit of j(o)?
6
Let s(t) = -2*t**2 - 2*t + 6. Let n be s(-3). Let q be (-64)/(-24)*n/(-8). Suppose 3*r = 5*b - 105, -18 = -q*b - 2*r + 24. What is the units digit of b?
1
Let r(c) = c**2 - c - 38. Let v be r(8). What is the units digit of (-2)/v*3 - 391/(-3)?
0
Let r(g) be the third derivative of 7*g**4/3 - g**3/3 + 2*g**2. What is the units digit of r(1)?
4
Let w(m) = -m**3 - m**2. Suppose -4*y + 32 - 8 = 0. Let r(j) = 5*j**3 + 15*j**2 + 6*j + 13. Let f(c) = y*w(c) + r(c). What is the units digit of f(9)?
7
Let j = -51 + 51. Let p(n) = -n**2 - 2*n + 131. What is the units digit of p(j)?
1
Let l = 11 - 8. Let o(a) = 2*a**2 - 13*a + 4. Let j(c) = 3*c**2 - 14*c + 5. Let t(p) = l*j(p) - 4*o(p). What is the units digit of t(-11)?
0
Let t = -1031 - -1653. What is the units digit of t?
2
Suppose 34 = 13*c + 8. Suppose c*h - 32 = 82. What is the tens digit of h?
5
Let x be 2/(-4) - (-81)/18. What is the tens digit of x/(-2)*198/(-4)?
9
Let b(t) = 67*t**2 + t - 5. What is the hundreds digit of b(-4)?
0
Let m(t) = 5*t**2 - t - 26. What is the hundreds digit of m(-12)?
7
Suppose t + 3*y - 18 = -4, 0 = 5*t + y - 14. Suppose -t*b = 3*b - 220. What is the units digit of b?
4
Suppose 14*j = 18*j - 32. Let a(b) = -b**2 + 11*b + 8. What is the tens digit of a(j)?
3
Suppose -4*b - 4*l = -2*b - 804, -2010 = -5*b + 2*l. What is the tens digit of b?
0
Suppose -9*h - 2425 = 941. Let t = 584 + h. What is the hundreds digit of t?
2
Let t(o) = 795*o + 447. What is the hundreds digit of t(4)?
6
Let z be 0 + (-50)/(-12) - 10/60. What is the units digit of (4 + 74 - 0) + z?
2
Let p(h) = 2*h**2 - 47*h + 89. What is the units digit of p(50)?
9
Let a = -282 - -487. Suppose a = 2*d - 3*z, 0 = 3*d - 4*z - 0*z - 307. What is the tens digit of d?
0
Let s(d) = 11*d - 1. Suppose 0 = -5*g + 26 - 1. Suppose -5*n - g = -5*o, 0 = -4*o - n + 6 - 2. What is the units digit of s(o)?
0
Let n = -9 - -26. Suppose 5*y = n*y - 1452. What is the tens digit of y?
2
Suppose 6 + 28 = x. Suppose 5*a - 172 = -4*w - x, 5*a - w = 128. What is the tens digit of a?
2
Suppose 0 = -3*d + 5*f + 1819, d = -4*d - 4*f + 2970. What is the units digit of d?
8
Let r = -50 + 52. Suppose 499 = 5*v - t - 157, 0 = 5*v - r*t - 652. What is the tens digit of v?
3
Let m be 4/(2/10*2). Suppose 5*g - 8 = -t, -3*t - 2*g = -g - m. Suppose 0 = -0*x + t*x - 39. What is the tens digit of x?
1
Let d(n) = -2*n**2 - 14*n + 4. Let f be d(-7). Suppose 0 = 4*z + 2*u - 828, f*z + 0*u = u + 840. What is the hundreds digit of z?
2
Let o(d) = 208*d - 290. What is the units digit of o(6)?
8
Let b = 9 - 10. Let x(g) = 2*g**2 - 2*g - 1. Let o be x(b). What is the tens digit of -9*(-2 - -1)*o?
2
Let m be (-3)/(-15) + 182/(-35). Let s(k) = 3*k + 5 - 2*k + 7. What is the units digit of s(m)?
7
Let l(w) = 59*w**2 + 10. What is the hundreds digit of l(3)?
5
Let j = -73 - -892. Suppose 4*l - j = l. What is the tens digit of l?
7
Let c(k) = 3*k**3 - 7*k**2 - 9*k - 24. What is the hundreds digit of c(7)?
5
Let o be 13 + -17 - 1*-2. What is the tens digit of (o/(-1) - 3) + 66?
6
Let i(a) = 2*a**3 - 2*a**2 - 4*a - 3. Let g be i(3). Suppose 2*h - g = -219. Let d = h + 155. What is the units digit of d?
6
Let v = 31 + -32. What is the units digit of v - 10/(-4) - 955/(-10)?
7
Let u(t) = -t**2 - 3*t + 9. Let r be u(-6). Let c(p) = -p**3 - 7*p**2 + 14*p + 14. What is the tens digit of c(r)?
5
Let c(y) = y + 7. Let i(h) = -h - 6. Let o(n) = 4*c(n) + 3*i(n). Let b be o(-8). Suppose -b*f + 48 = 3*q, q - 5 = -2*f + 11. What is the tens digit of q?
1
Let d(h) = 2589*h - 18. What is the thousands digit of d(1)?
2
Let v = -9 - -8. Let w be (0 - v) + (-9 - -11). Suppose 7*r = 3*r + 2*c + 52, -5*c + 52 = w*r. What is the units digit of r?
4
Suppose -14*p + 12517 = 2731. What is the units digit of p?
9
Suppose 3*h - 8 + 2 = 0. Suppose -3*c - 380 = -3*d - d, -190 = -h*d + 5*c. What is the tens digit of d?
9
Let s = -2 - -6. What is the units digit of (-1160)/(-16)*s/5?
8
Let b(f) = 6*f**2 - 2*f - 1. Let l be b(-1). Suppose d + l*d - 800 = 0. What is the tens digit of d?
0
Suppose -4*m + 5*s = 8, -4*m = m - 5*s + 5. Let g be (m - (0 - 3)) + -3. Let w(c) = c**3 - c**2 - 4*c + 4. What is the tens digit of w(g)?
1
Let o = 235 - -705. What is the tens digit of o?
4
Let y(h) = h**3 + 19*h**2 - 21*h + 103. What is the units digit of y(-15)?
8
Let q(n) = -2*n + 5. Let g be (-1)/2*-16 + 0. Let a be q(g). Let r = 14 + a. What is the units digit of r?
3
Suppose -6*a - 2 - 4 = 0. Let f be 4 + -3 + (-1 - a). What is the units digit of (-19*(0 - f))/1?
9
Suppose 5*v - n + 182 = -392, -248 = 2*v - 5*n. Let i = -112 - v. What is the units digit of i?
2
Suppose -2*d - 15 + 3 = 0. What is the hundreds digit of (2/d)/((-3)/1116)?
1
Suppose -13*b + 6925 - 165 = 0. What is the tens digit of b?
2
Suppose 4*q = -q + 210. Let j(c) = 8*c + 5. Let n be j(-4). Let h = n + q. What is the tens digit of h?
1
Let g = 161 - 85. Suppose g = 6*x - 32. What is the units digit of x?
8
Let a(y) = y**3 - 14*y**2 - 8*y + 17. Let b be a(15). Let r = -100 + b. What is the tens digit of r?
2
Let m(j) = 504*j**2 - 3*j - 1. What is the units digit of m(-1)?
6
Suppose 5*t - 6 = 4*q - 40, -4*q - 3*t + 18 = 0. Suppose -q - 2 = -2*j. Suppose -3*x + 17 + j = c, 2*c - 42 = x. What is the units digit of c?
1
What is the hundreds digit of 1/(((-12)/(-692))/(-3 + 6))?
1
Let v(f) = 7*f + 3. Let p be v(6). Suppose 7 + 18 = -3*t - 4*r, -3*t - r = 40. Let c = p + t. What is the tens digit of c?
3
Let g(u) = -2*u**3 + 13*u**2 - 9*u - 26. Let r(q) = q**3 - 6*q**2 + 4*q + 13. Let c(j) = 6*g(j) + 11*r(j). What is the units digit of c(8)?
3
Let x = 51 + -6. Suppose 5*a + 45 = -2*p, -4*p = -6*a + a - x. What is the units digit of ((-140)/6)/(6/a)?
5
Let n be -2*132/8 - -2. Let i = -31 - n. Suppose -225 = -5*y - 4*q, q - 128 = -3*y - i*q. What is the tens digit of y?
4
What is the hundreds digit of ((-24)/9)/((-16)/1128)?
1
Suppose 4*v - 166 = -5*a, 3*a - 3*v - 138 = -2*a. Let u = a - -75. What is the hundreds digit of u?
1
Let p be -63 - 4 - -3*1. Let c be (p/3)/(12/(-36)). Suppose -c = -4*z - 2*o, 5*z - 5*o - 89 = -3*o. What is the tens digit of z?
1
Let x = 100 + -143. Let v = -40 - -16. Let g = v - x. What is the tens digit of g?
1
Let c be (-3 - (-11)/5)*5. Let g = 7 + c. What is the units digit of g?
3
Let m(n) = n**3 - 10*n**2 + 48*n - 6. What is the units digit of m(11)?
3
Suppose 3*r - 63 = -5*l, -5*r - l = -2*l - 77. Suppose -1324 = -20*w + r*w. What is the tens digit of w?
3
What is the thousands digit of ((98/(-7))/42)/(1/(-11316))?
3
Suppose 9*z - 2167 - 21161 = 0. Suppose 2*a - z = -14*a. What is the units digit of a?
2
Let z(d) = d**3 + 6*d**2 + d + 8. Let j be z(-6). Suppose 0 = -4*f + j*h + 312, -3*f - 2*h = -4*f + 81. What is the units digit of f?
7
Suppose -3 = -2*o + 7. Suppose o*x - 2*x - 126 = 0. What is the tens digit of x?
4
Let y(g) = g**3 + 10*g**2 + 9*g + 5. Let t be y(-9). Suppose 3*v - t*v + 104 = 0. What is the tens digit of v?
5
Let t be (-33)/(-6) - (-2)/4. Let o be (-2)/6 + 2/t. Suppose o*u + 112 = 4*u. What is the units digit of u?
8
Let m(w) = -w**3 + 6*w**2 + 11*w + 13. What is the hundreds digit of m(-7)?
5
Let x be 2/(-8) + (-2)/((-40)/9345). Suppose 5*s - x = -2*a, 3*s - 5*s = -a - 194. What is the tens dig